
Let q(v) = v**2 - 7*v + 2. Let w be q(6). Let r be (w/6)/(2/(-3)). Suppose -4*i = -d - 12, -r + 2 = -3*d + 5*i. What is the units digit of d?
8
What is the units digit of 6*2*((-6)/4)/(-1)?
8
Let g(z) = 2*z**2 + z + 6. Let x(k) = k**3 - 4*k**2 + 3*k - 6. Let f be x(4). Let i be g(f). Suppose 4*m - i = -28. What is the units digit of m?
4
Suppose -3*a + 14 = -7. Suppose -a*w + 30 = -2*w. What is the units digit of w?
6
Suppose -4*n - 3*c = 0, n - 2*c + 4*c = -5. Suppose -n*o - 2*o + 55 = 0. What is the units digit of o?
1
Let b(z) = z**2 - 3*z. Let n be b(3). Suppose n = -2*i + 4*c + 2, -c = 5*i + 2*c - 5. What is the units digit of i?
1
Suppose 231 = 6*y + 45. What is the units digit of y?
1
Let g(d) = d**3 - 5*d**2 - 2*d + 1. Let q be g(5). What is the units digit of (q/6)/((-3)/16)?
8
Let a(k) = 3*k**3 - 1 - 8*k**2 + 11*k - k + k**3 - 5*k**3. Let v be a(-9). What is the units digit of (-4)/v*1*25?
0
Suppose -2*y - 48 = -4*z, 5*z + 3 = y - 3*y. Let t = y + 18. What is the units digit of t?
4
Let k = 15 + -11. Suppose 76 = 3*t + k. What is the tens digit of t?
2
What is the units digit of (-53)/(-2) + (-8)/16?
6
Let j(b) be the first derivative of -b**2/2 - 2. What is the units digit of j(-4)?
4
Let b(v) = -2*v + 1. Suppose -3*i - 11 = -4*r, -i - 28 = -2*i - 5*r. Let q be b(i). Let s = q + 13. What is the units digit of s?
8
Suppose 2*a + 3*r = r + 14, 0 = a - r - 1. Suppose z = -a*x + 2*x + 64, 0 = 5*x + 4*z - 166. What is the tens digit of x?
3
Let t(p) = p + 4. Let d(x) = 12*x. Let y be d(1). Suppose -j - 15 = 5*b + 3, y = -5*b + j. What is the units digit of t(b)?
1
Let z(q) be the third derivative of q**6/120 - q**5/12 + q**4/4 - 2*q**2. Let g = -12 + 16. What is the units digit of z(g)?
8
Let m = 4 - 7. What is the tens digit of (-34)/m*9/6?
1
Let d(f) be the third derivative of -f**5/60 - 11*f**4/24 + 5*f**3/6 - 3*f**2. What is the units digit of d(-11)?
5
Let b(m) = -m**3 - 8*m**2 - 8*m - 4. Let h be b(-7). Suppose -2*u + g - 3 = -2*g, -h*u - 21 = g. Let i = -4 - u. What is the units digit of i?
2
Let q(n) = -n**3 - 20*n**2 - 9*n - 1. What is the hundreds digit of q(-20)?
1
Suppose 55 = 2*w + 2*t - 27, -w + t + 35 = 0. What is the units digit of w?
8
Let z be 18/9*86/4. Suppose 0 = -5*w + 2 + z. What is the units digit of w?
9
Let z(l) be the first derivative of 2*l**3/3 + 2*l**2 + 3*l + 1. Let b(q) = -q. Let i be b(2). What is the units digit of z(i)?
3
Suppose 0 = 3*a - 8*a - 10. Let w = a + 7. Suppose -4*i - 10 = i, -w*z + 4*i = -58. What is the units digit of z?
0
Let u(s) = -s - 5. Let l be ((-8)/3 - 0)*3. Let a be u(l). Suppose -d = -5*j - 10, a*j + 3 = d - 5. What is the units digit of d?
5
Let v = -8 - -11. Let d be -3 - 7/(3 + -4). Let m = d - v. What is the units digit of m?
1
Suppose -5*q = -q - 3*z - 140, -2*q - 5*z = -96. What is the tens digit of q?
3
Let k = -33 - -73. Suppose o + 5*w - k = -2*o, -3*o + 4*w + 22 = 0. What is the tens digit of o?
1
Suppose 1 - 42 = -3*y - 4*g, 50 = 5*y + 3*g. What is the units digit of y?
7
Let z(c) = 1 - 4*c + 2 + 2*c. What is the units digit of z(-5)?
3
Let s = -41 - -256. What is the units digit of s?
5
Let z be 28/(-6)*3/(-2). Let q = z + -5. What is the units digit of q?
2
Let w be (-4)/10 - (-81)/15. Suppose -3*f + 45 = 2*f + w*j, 0 = 3*f + 2*j - 23. Suppose 3*z - f - 28 = 0. What is the tens digit of z?
1
Suppose -5*i - 5 + 40 = 0. Suppose -3*h = 3*m - 27, -4*m + h - 1 = -17. Let f = m + i. What is the units digit of f?
2
Let s = 52 - 45. What is the units digit of s?
7
Suppose f + 4 = -q + 32, -3*f = q - 32. What is the units digit of q?
6
Suppose 4*l - 32 = -2*k, -4*l + 20 = -0*l - 4*k. What is the units digit of l?
7
Let x = 18 - 4. What is the units digit of x?
4
Suppose 4*w + 2*v - 208 = 6*v, 0 = -3*v - 6. Suppose -4*x = x - w. What is the tens digit of x?
1
Let x(s) = s + 8. Let f(v) = -v**2 + 9*v - 9. Suppose 6 = -0*r + r. Let p be f(r). What is the units digit of x(p)?
7
Let h(v) = v**3 + v. Let s be h(-1). Let x be (s/(-4))/((-2)/(-4)). What is the units digit of x - (6/(-3) + 2)?
1
Suppose -3*c + 300 = 3*c. What is the tens digit of c?
5
Let h = -3 + 0. What is the tens digit of h/((-3)/(-44)*-2)?
2
Let r be -6*(4/(-6) + 1). What is the tens digit of (-522)/(-21) + r/(-14)?
2
Suppose 3*l + 5 = 4*l, -m = 4*l - 23. Suppose 0 = -2*s + 8, -m*s + s = 4*b - 8. Suppose b = -5*d + 8 + 7. What is the units digit of d?
3
Let w(m) = -m + 2. Let r = -4 - 5. What is the units digit of w(r)?
1
Suppose -d - 9 = 2*d. Let l = d - -9. What is the units digit of l?
6
Let f(i) = -5*i - 1. Let n be f(-2). Suppose 10 = x - n. What is the tens digit of x?
1
Let p(f) = -5*f**2 - 10*f + 13. Let j(l) = -l**2 + 1. Let r(u) = 6*j(u) - p(u). Let w be r(9). What is the units digit of (-1 - -3)/w - -8?
9
Let c = 49 + 69. What is the tens digit of c?
1
Suppose -f - 11 = -58. What is the units digit of f?
7
Let l(f) be the third derivative of f**4/12 - f**3 + f**2. Let m be (8 - 3) + 0 + -1. What is the units digit of l(m)?
2
Suppose -3*d - 2*d = 0. Let o(x) = x**3 + x**2 + x + 3. Let t be o(d). Suppose t*g - g = 12. What is the units digit of g?
6
Suppose 2*l - 16 = 4*k, l - 9 = 4*k + 5. Let v be (-1)/(-2)*(-18 + l). Let n(g) = -2*g - 7. What is the units digit of n(v)?
9
Let o(u) = -7*u - 41. What is the units digit of o(-17)?
8
Let y(k) = 18*k + 12. Let w(o) = -12*o - 8. Let p(n) = -8*w(n) - 5*y(n). Let b(l) = -17*l - 12. Let c(a) = 3*b(a) + 8*p(a). What is the units digit of c(-4)?
8
Let q(h) = -15*h - 30. What is the units digit of q(-7)?
5
Let j(t) be the first derivative of 3*t**2 - 2*t + 2. Let a be j(4). Suppose 5*r - 33 = -4*s, 2*s + 5*r - a = -3. What is the units digit of s?
7
Let t = 9 - 5. Suppose 0 = t*k - 3*x - 144, -3*k + x = 14 - 122. What is the units digit of k?
6
Suppose -4*t = 4, 0 = 3*m + 2*m - 5*t + 90. Let k = 28 + m. Suppose 7 + k = 4*u. What is the units digit of u?
4
Let o(v) = -3*v - 11. Let t be o(-5). Let c be 2/(-2 - 9/(-4)). Suppose -3*n - 2*n - 2*k = -c, 12 = 4*n - t*k. What is the units digit of n?
2
What is the tens digit of ((-66)/8)/((-12)/112)?
7
Let a(c) = -c + 5*c + 4 + c**3 + 5*c**2 + 0*c. Let b be a(-4). Let o = b + 0. What is the units digit of o?
4
Suppose -148 = -4*i + 32. What is the tens digit of i?
4
Let r(o) = o**2 - 5*o + 1. Let z = 2 - 3. Let s be z - -2 - -2 - -2. What is the units digit of r(s)?
1
Let d be (-6)/(-39) - 6/39. Suppose d = -5*p + g + 69, p - 2*g = -p + 26. What is the units digit of p?
4
Let o(g) = -g**2 - 10*g - 2. What is the tens digit of o(-4)?
2
Suppose 888 = 5*o + 3*s, 0*o + 359 = 2*o + 5*s. What is the tens digit of o?
7
Suppose 5*z + 37 = 4*y, -2*z + 0*y + 2*y = 16. Let d(m) = -m**3 - 5*m**2 - m + 4. What is the units digit of d(z)?
9
Let l = 4 + 1. Suppose -14 = -l*w + 26. What is the units digit of w?
8
What is the tens digit of (-6)/(-2 + 273/141)?
9
Let o be 1 + (40 - 1) + -3. Suppose -3*x + 8 = -o. What is the tens digit of x?
1
Let o(y) = -19*y + 2. What is the hundreds digit of o(-8)?
1
Suppose 4*m - 3*d + d - 52 = 0, -5*m + 62 = -d. What is the tens digit of m?
1
Let i = 208 + -76. What is the hundreds digit of i?
1
Let u(h) = h + 27. What is the units digit of u(0)?
7
Let m(y) = 4*y**2 + 11*y - 3. What is the tens digit of m(-7)?
1
Let m(t) = t**2 + 34. Suppose 16 = 4*k + 4*c, 2*c + 8 = 4*k + 4*c. What is the tens digit of m(k)?
3
Let z = 54 + -19. Suppose -x = -5*p, p + z + 7 = -4*x. What is the units digit of (x/(-8))/(1/4)?
5
Let t be (14/(-4))/((-1)/6). Suppose -3*c - y + 14 = 0, 2*c + 4*y - t = -3*c. Suppose j + c*p + 17 = 0, 0 = -2*j - 3*p - 2 + 3. What is the units digit of j?
8
Let t be (-3)/(-5) - (-42)/5. Suppose 4*l - 3*l = 4*g - 1, l - 2*g - t = 0. What is the tens digit of l?
1
Let k(d) = -8*d - 5. What is the units digit of k(-4)?
7
Let i(z) = z**3 - 7*z**2 + 7*z - 4. Let x be i(6). Suppose -2*w + 5*b = 15, 2*w + 2 = 4*b - 10. Suppose w = x*u + u - 24. What is the units digit of u?
8
Suppose 3*k = -0*k + 3. Let a(d) = 43*d + 1. What is the units digit of a(k)?
4
Suppose 2*w + 324 = 5*w. What is the units digit of w?
8
Let h be ((-42)/(-5))/(10/25). Let d = h + -13. What is the units digit of d?
8
Let f(z) = 3 + 10*z**3 + 8*z**2 - 8*z**3 - 3*z**3 - 4*z. What is the units digit of f(3)?
6
Suppose 3*n + 